ue
Is 387003 prime?
False
Is 1366777 a prime number?
False
Is 411 composite?
True
Is 2053 prime?
True
Is 876055 a composite number?
True
Is 11351 prime?
True
Is 51083 a prime number?
False
Is 1567 prime?
True
Is 188459 a prime number?
True
Is 820141 prime?
False
Is 950573 a composite number?
True
Is 292837 a composite number?
False
Is 493093 a prime number?
True
Is 434957 a composite number?
False
Is 732323 prime?
True
Is 674411 a composite number?
True
Is 1241 prime?
False
Is 104891 composite?
False
Is 12097 a prime number?
True
Is 4469 a composite number?
True
Is 3183 prime?
False
Is 13577 prime?
True
Is 336857 composite?
False
Is 128887 prime?
False
Is 947171 prime?
True
Is 6359 composite?
False
Is 7907 a composite number?
False
Is 490733 prime?
True
Is 58541 composite?
True
Is 906437 prime?
False
Is 24223 prime?
True
Is 2153 a composite number?
False
Is 6609 a prime number?
False
Is 162053 composite?
False
Is 31847 composite?
False
Is 743 a prime number?
True
Is 214631 a composite number?
False
Is 10261 composite?
True
Is 679 prime?
False
Is 355 a prime number?
False
Is 39971 prime?
True
Is 10639 composite?
False
Is 50243 a prime number?
False
Is 548807 composite?
True
Is 863299 a composite number?
False
Is 137219 a composite number?
False
Is 1798283 a prime number?
False
Is 42647 composite?
True
Is 2471257 a composite number?
False
Is 3359 prime?
True
Is 155679 a prime number?
False
Is 186863 composite?
True
Is 318217 composite?
True
Is 55163 composite?
False
Is 6362 a composite number?
True
Is 3311101 prime?
True
Is 1547699 a prime number?
False
Is 1073053 a composite number?
False
Is 580037 composite?
True
Is 1601773 prime?
True
Is 1943 a composite number?
True
Is 72263 a composite number?
True
Is 154097 a prime number?
True
Is 58013 a prime number?
True
Is 38911 a composite number?
True
Is 527734 prime?
False
Is 437947 composite?
False
Is 6599 prime?
True
Is 3862 a prime number?
False
Is 1539717 a composite number?
True
Is 7295 a prime number?
False
Is 96631 composite?
True
Is 21089 composite?
False
Is 96389 a composite number?
True
Is 340757 a composite number?
False
Is 645839 prime?
True
Is 9811 a composite number?
False
Is 14281 composite?
False
Is 251 a composite number?
False
Is 1497553 a composite number?
True
Is 21993 composite?
True
Is 16153 a prime number?
False
Is 841 composite?
True
Is 247523 composite?
True
Is 22853 a composite number?
False
Is 5599 composite?
True
Is 151159 a prime number?
False
Is 1009 a composite number?
False
Is 9533 composite?
False
Is 2411023 a prime number?
False
Is 69733 a prime number?
False
Is 307297 prime?
False
Is 57457 prime?
True
Is 486559 composite?
False
Is 411361 prime?
True
Is 45161 a composite number?
False
Is 42881 a prime number?
False
Is 499493 a composite number?
False
Is 8663 prime?
True
Is 273293 a composite number?
True
Is 7563 composite?
True
Is 2149 prime?
False
Is 57613 composite?
True
Is 1161973 prime?
False
Is 12689 a composite number?
False
Is 25589 a composite number?
False
Is 38039 a composite number?
False
Is 1673 prime?
False
Is 8611 a prime number?
False
Is 5873 a prime number?
False
Is 222601 a composite number?
False
Is 35023 a prime number?
True
Is 139651 composite?
True
Is 7747 a composite number?
True
Is 3181 a prime number?
True
Is 70031 composite?
True
Is 3251 composite?
False
Is 1146183 composite?
True
Is 6353 prime?
True
Is 4271 composite?
False
Is 406117 a composite number?
False
Is 986387 prime?
False
Is 244817 a composite number?
True
Is 587 a prime number?
True
Is 15253 prime?
False
Is 129209 a composite number?
False
Is 19739 composite?
False
Is 598591 a composite number?
True
Is 28789 a prime number?
True
Is 451 composite?
True
Is 38543 composite?
False
Is 5519 composite?
False
Is 19733 a composite number?
True
Is 18743 prime?
True
Is 364817 a composite number?
True
Is 13313 a composite number?
False
Is 2147 prime?
False
Is 238591 a prime number?
True
Is 1729229 a prime number?
True
Is 22641 prime?
False
Is 104771 a prime number?
False
Is 1276089 a prime number?
False
Is 334487 composite?
False
Is 4507 a prime number?
True
Is 267879 a prime number?
False
Is 659999 composite?
False
Is 185513 prime?
False
Is 50647 a prime number?
True
Is 110303 prime?
False
Is 146959 a composite number?
True
Is 21986 composite?
True
Is 21647 a composite number?
False
Is 5707 a composite number?
True
Is 12287 a composite number?
True
Is 1214011 a prime number?
True
Is 28555 a composite number?
True
Is 12515 a composite number?
True
Is 6139 a prime number?
False
Is 26627 composite?
False
Is 49739 composite?
False
Is 1459 a composite number?
False
Is 254291 composite?
False
Is 754549 a prime number?
True
Is 243233 prime?
True
Is 16319 composite?
False
Is 105913 a composite number?
False
Is 24799 composite?
False
Is 277919 prime?
True
Is 862 a composite number?
True
Is 32141 prime?
True
Is 7079 a prime number?
True
Is 63587 composite?
False
Is 22637 a prime number?
True
Is 129691 a composite number?
True
Is 911551 a composite number?
True
Is 489109 prime?
True
Is 67793 a composite number?
True
Is 93091 a prime number?
False
Is 98533 a composite number?
False
Is 7773 prime?
False
Is 4106381 a composite number?
False
Is 304727 a prime number?
False
Is 142007 a composite number?
False
Is 73921 a prime number?
False
Is 16843 prime?
True
Is 2342869 a composite number?
False
Is 3137 a composite number?
False
Is 26033 a composite number?
True
Is 745 a prime number?
False
Is 121 prime?
False
Is 23369 prime?
True
Is 199309 a prime number?
False
Is 173291 a prime number?
True
Is 31601 composite?
False
Is 18143 composite?
False
Is 441895 prime?
False
Is 585829 prime?
False
Is 512783 a prime number?
False
Is 42061 a prime number?
True
Is 1000257 a composite number?
True
Is 614 a prime number?
False
Is 2081 a composite number?
False
Is 503878 composite?
True
Is 2861 composite?
False
Is 194593 composite?
True
Is 1709 a composite number?
False
Is 9997 a composite number?
True
Is 86111 a composite number?
False
Is 186617 prime?
False
Is 295349 composite?
True
Is 449051 prime?
True
Is 186097 a prime number?
True
Is 76303 composite?
False
Is 4395995 a composite number?
True
Is 99707 prime?
True
Is 941 a prime number?
True
Is 27473 a composite number?
True
Is 24943 prime?
True
Is 91411 a composite number?
False
Is 1596433 a composite number?
False
Is 143959 prime?
False
Is 1381609 a composite number?
False
Is 47221 a composite number?
False
Is 2459 a composite number?
False
Is 152717 prime?
True
Is 7963 a composite number?
False
Is 4969 a composite number?
False
Is 2262811 a composite number?
False
Is 58709 composite?
True
Is 90929 prime?
False
Is 15163 a composite number?
True
Is 6623 a prime number?
False
Is 5061454 a composite number?
True
Is 184622 prime?
False
Is 1010557 a prime number?
False
Is 23789 a prime number?
True
Is 6085 a composite number?
True
Is 12443 a composite number?
True
Is 46193 a prime number?
False
Is 577307 a prime number?
True
Is 73631 prime?
False
Is 82085 prime?
False
Is 2893 a prime number?
False
Is 633073 a prime number?
False
Is 131531 composite?
True
Is 764189 a prime number?
True
Is 1361 a composite number?
False
Is 422693 composite?
True
Is 13621 prime?
False
Is 197233 a prime number?
True
Is 4153 a composite number?
False
Is 145 a composite number?
True
Is 22853 a composite number?
False
Is 190087 prime?
False
Is 12799 a composite number?
False
Is 116726 a prime number?
False
Is 1437 composite?
True
Is 1987 prime?
True
Is 64433 a composite number?
False
Is 711173 a composite number?
False
Is 1181 a prime number?
True
Is 259271 composite?
False
Is 1948339 a composite number?
True
Is 117191 composite?
False
Is 20459 a composite number?
True
Is 18481 a composite number?
False
Is 2051041 prime?
True
Is 853 prime?
True
Is 1819 composite?
True
Is 7039 a prime number?
True
Is 746723 prime?
True
Is 52541 prime?
True
Is 14503 prime?
True
Is 191 a composite number?
False
Is 5833 prime?
False
Is 3401 prime?
False
Is 1656461 a composite number?
True
Is 251 a composite number?
False
Is 39419 prime?
True
Is 12791 a prime number?
True
Is 78919 prime?
True
Is 163109 a composite number?
False
Is 19847 composite?
True
Is 45659 a prime number?
True
Is 3050161 a composite numb